{"id":987742,"date":"2021-06-16T20:09:37","date_gmt":"2021-06-16T20:09:37","guid":{"rendered":"https:\/\/teurona.com\/?page_id=987742"},"modified":"2022-02-23T21:13:31","modified_gmt":"2022-02-23T21:13:31","slug":"industries-worldwide","status":"publish","type":"page","link":"https:\/\/teurona.com\/esp\/industries-worldwide\/","title":{"rendered":"Industrias a nivel mundial"},"content":{"rendered":"<div class=\"vgblk-rw-wrapper limit-wrapper\">\n<h2>\n\t\tNos adaptamos a t\u00ed, para ofrecer una mejor experiencia\n\t<\/h2>\n\t<p>Enfocamos nuestras soluciones a corporaciones y empresas de todos los tama\u00f1os, para promover el cumplimiento de la normativa y regulaci\u00f3n local, regional y mundial.\u00a0<\/p>\n<p>Nuestros clientes incluyen empresas peque\u00f1as, medianas, y corporaciones globales dentro de m\u00faltiples industrias. Cada uno de ellos es nuestro aliado estrat\u00e9gico en el desarrollo de la \u00e9tica, integridad y cumplimiento a nivel mundial.<\/p>\n\t\t\t<a href=\"https:\/\/teurona.com\/esp\/contact\/\" target=\"_self\" role=\"button\" rel=\"noopener\">\n\t\t\t\t\t\t\tSolicitar un demo\n\t\t\t\t\t<\/a>\n\t\t\t\t\t\t\t<img decoding=\"async\" loading=\"lazy\" width=\"649\" height=\"425\" src=\"https:\/\/teurona.com\/wp-content\/uploads\/2021\/06\/nos-adaptamos-1.png\" alt=\"Nos adaptamos a ti\" itemprop=\"image\" title=\"nos-adaptamos\" onerror=\"this.style.display='none'\"  sizes=\"auto, (max-width: 768px) 100vw, 100vw\" srcset=\"data:image\/svg+xml;utf8,&lt;svg%20xmlns=&quot;http:\/\/www.w3.org\/2000\/svg&quot;%20viewBox=&quot;0%200%20649%20425&quot;%20height=&quot;425px&quot;%20width=&quot;649px&quot;\/&gt;\" data-srcset=\"https:\/\/teurona.com\/wp-content\/uploads\/2021\/06\/nos-adaptamos-1.png 649w, https:\/\/teurona.com\/wp-content\/uploads\/2021\/06\/nos-adaptamos-1-300x196.png 300w, https:\/\/teurona.com\/wp-content\/uploads\/2021\/06\/nos-adaptamos-1-315x206@2x.png 630w, https:\/\/teurona.com\/wp-content\/uploads\/2021\/06\/nos-adaptamos-1-420x275.png 420w, https:\/\/teurona.com\/wp-content\/uploads\/2021\/06\/nos-adaptamos-1-315x206.png 315w, https:\/\/teurona.com\/wp-content\/uploads\/2021\/06\/nos-adaptamos-1-300x196@2x.png 600w\" \/>\t\t\t\t\t\t\t\n<h2>\n\t\tOur client&#8217;s industries\n\t<\/h2>\n\t\t\t\t\t\t\t<img decoding=\"async\" loading=\"lazy\" width=\"273\" height=\"603\" src=\"https:\/\/teurona.com\/wp-content\/uploads\/2021\/06\/industries1.png\" alt=\"Industries\" itemprop=\"image\" title=\"Industrias\" onerror=\"this.style.display='none'\"  sizes=\"auto, (max-width: 768px) 100vw, 100vw\" srcset=\"data:image\/svg+xml;utf8,&lt;svg%20xmlns=&quot;http:\/\/www.w3.org\/2000\/svg&quot;%20viewBox=&quot;0%200%20273%20603&quot;%20height=&quot;603px&quot;%20width=&quot;273px&quot;\/&gt;\" data-srcset=\"https:\/\/teurona.com\/wp-content\/uploads\/2021\/06\/industries1.png 273w, https:\/\/teurona.com\/wp-content\/uploads\/2021\/06\/industries1-136x300.png 136w, https:\/\/teurona.com\/wp-content\/uploads\/2021\/06\/industries1-5x12.png 5w, https:\/\/teurona.com\/wp-content\/uploads\/2021\/06\/industries1-136x300@2x.png 272w\" \/>\t\t\t\t\t\t\t\n\t\t\t\t\t\t\t<img decoding=\"async\" loading=\"lazy\" src=\"https:\/\/teurona.com\/wp-content\/uploads\/2022\/02\/industries-2.png\" alt=\"Industrias\" itemprop=\"image\" height=\"603\" width=\"273\" title=\"industries-2\" onerror=\"this.style.display='none'\"  sizes=\"auto, (max-width: 768px) 100vw, 100vw\" srcset=\"data:image\/svg+xml;utf8,&lt;svg%20xmlns=&quot;http:\/\/www.w3.org\/2000\/svg&quot;%20viewBox=&quot;0%200%20273%20603&quot;%20height=&quot;603px&quot;%20width=&quot;273px&quot;\/&gt;\" data-srcset=\"https:\/\/teurona.com\/wp-content\/uploads\/2022\/02\/industries-2.png 273w, https:\/\/teurona.com\/wp-content\/uploads\/2022\/02\/industries-2-136x300.png 136w, https:\/\/teurona.com\/wp-content\/uploads\/2022\/02\/industries-2-5x12.png 5w, https:\/\/teurona.com\/wp-content\/uploads\/2022\/02\/industries-2-136x300@2x.png 272w\" \/>\t\t\t\t\t\t\t\n\t\t\t\t\t\t\t<img decoding=\"async\" loading=\"lazy\" width=\"273\" height=\"603\" src=\"https:\/\/teurona.com\/wp-content\/uploads\/2021\/06\/industries4.png\" alt=\"Industries\" itemprop=\"image\" title=\"Industrias\" onerror=\"this.style.display='none'\"  sizes=\"auto, (max-width: 768px) 100vw, 100vw\" srcset=\"data:image\/svg+xml;utf8,&lt;svg%20xmlns=&quot;http:\/\/www.w3.org\/2000\/svg&quot;%20viewBox=&quot;0%200%20273%20603&quot;%20height=&quot;603px&quot;%20width=&quot;273px&quot;\/&gt;\" data-srcset=\"https:\/\/teurona.com\/wp-content\/uploads\/2021\/06\/industries4.png 273w, https:\/\/teurona.com\/wp-content\/uploads\/2021\/06\/industries4-136x300.png 136w, https:\/\/teurona.com\/wp-content\/uploads\/2021\/06\/industries4-5x12.png 5w, https:\/\/teurona.com\/wp-content\/uploads\/2021\/06\/industries4-136x300@2x.png 272w\" \/>\t\t\t\t\t\t\t\n\t\t\t\t\t\t\t<img decoding=\"async\" loading=\"lazy\" width=\"273\" height=\"603\" src=\"https:\/\/teurona.com\/wp-content\/uploads\/2021\/06\/industries3.png\" alt=\"Industries\" itemprop=\"image\" title=\"Industrias\" onerror=\"this.style.display='none'\"  sizes=\"auto, (max-width: 768px) 100vw, 100vw\" srcset=\"data:image\/svg+xml;utf8,&lt;svg%20xmlns=&quot;http:\/\/www.w3.org\/2000\/svg&quot;%20viewBox=&quot;0%200%20273%20603&quot;%20height=&quot;603px&quot;%20width=&quot;273px&quot;\/&gt;\" data-srcset=\"https:\/\/teurona.com\/wp-content\/uploads\/2021\/06\/industries3.png 273w, https:\/\/teurona.com\/wp-content\/uploads\/2021\/06\/industries3-136x300.png 136w, https:\/\/teurona.com\/wp-content\/uploads\/2021\/06\/industries3-5x12.png 5w, https:\/\/teurona.com\/wp-content\/uploads\/2021\/06\/industries3-136x300@2x.png 272w\" \/>\t\t\t\t\t\t\t\n\t\t\t\t\t\t\t<img decoding=\"async\" loading=\"lazy\" width=\"227\" height=\"365\" src=\"https:\/\/teurona.com\/wp-content\/uploads\/2021\/06\/avatars-1-1.png\" alt=\"Avatars\" itemprop=\"image\" title=\"avatars-1\" onerror=\"this.style.display='none'\"  sizes=\"auto, (max-width: 768px) 100vw, 100vw\" srcset=\"data:image\/svg+xml;utf8,&lt;svg%20xmlns=&quot;http:\/\/www.w3.org\/2000\/svg&quot;%20viewBox=&quot;0%200%20227%20365&quot;%20height=&quot;365px&quot;%20width=&quot;227px&quot;\/&gt;\" data-srcset=\"https:\/\/teurona.com\/wp-content\/uploads\/2021\/06\/avatars-1-1.png 227w, https:\/\/teurona.com\/wp-content\/uploads\/2021\/06\/avatars-1-1-187x300.png 187w\" \/>\t\t\t\t\t\t\t\n<h2>\n\t\u00bfEst\u00e1s listo para revolucionar la cultura corporativa en tu empresa?\n\t<\/h2>\n\t<p>Contrata nuestro servicio a trav\u00e9s de uno de nuestros planes de acceso inmediato e ilimitado.<\/p>\n\t\t\t<a href=\"https:\/\/teurona.com\/esp\/plans-and-pricing\/\" target=\"_self\" role=\"button\" rel=\"noopener\">\n\t\t\t\t\t\t\tVer planes\n\t\t\t\t\t<\/a>\n\t\t\t<a href=\"https:\/\/teurona.com\/esp\/contact\/\" target=\"_self\" role=\"button\" rel=\"noopener\">\n\t\t\t\t\t\t\tSolicitar un demo\n\t\t\t\t\t<\/a>\n\t\t\t\t\t\t\t<img decoding=\"async\" loading=\"lazy\" src=\"https:\/\/teurona.com\/wp-content\/uploads\/2021\/12\/avatars-teurona.png\" alt=\"avatars teurona\" itemprop=\"image\" height=\"285\" width=\"170\" title=\"avatars-teurona\" onerror=\"this.style.display='none'\"  sizes=\"auto, (max-width: 768px) 100vw, 100vw\" srcset=\"data:image\/svg+xml;utf8,&lt;svg%20xmlns=&quot;http:\/\/www.w3.org\/2000\/svg&quot;%20viewBox=&quot;0%200%20170%20285&quot;%20height=&quot;285px&quot;%20width=&quot;170px&quot;\/&gt;\" data-srcset=\"https:\/\/teurona.com\/wp-content\/uploads\/2021\/12\/avatars-teurona.png 170w, https:\/\/teurona.com\/wp-content\/uploads\/2021\/12\/avatars-teurona-7x12.png 7w\" \/>\t\t\t\t\t\t\t\n<h2>\n\t\tValor agregado en todos los niveles de tu organizaci\u00f3n\n\t<\/h2>\n\t<p>Agrega valor a tu empresa y a tu industria promoviendo conceptos estrat\u00e9gicos de \u00c9tica y\nCumplimiento con una metodolog\u00eda validada por nuestros clientes.<\/p>\n\t\t\t<a href=\"https:\/\/teurona.com\/esp\/contact\/\" target=\"_self\" role=\"button\" rel=\"noopener\">\n\t\t\t\t\t\t\tSolicitar un demo\n\t\t\t\t\t<\/a>\n\t\t\t<a href=\"https:\/\/teurona.com\/esp\/plans-and-pricing\/\" target=\"_self\" role=\"button\" rel=\"noopener\">\n\t\t\t\t\t\t\tVer planes\n\t\t\t\t\t<\/a>\n\t\t\t\t\t\t\t<img decoding=\"async\" loading=\"lazy\" width=\"582\" height=\"612\" src=\"https:\/\/teurona.com\/wp-content\/uploads\/2021\/07\/valor-agregado.png\" alt=\"Value added\" itemprop=\"image\" title=\"valor-agregado\" onerror=\"this.style.display='none'\"  sizes=\"auto, (max-width: 768px) 100vw, 100vw\" srcset=\"data:image\/svg+xml;utf8,&lt;svg%20xmlns=&quot;http:\/\/www.w3.org\/2000\/svg&quot;%20viewBox=&quot;0%200%20582%20612&quot;%20height=&quot;612px&quot;%20width=&quot;582px&quot;\/&gt;\" data-srcset=\"https:\/\/teurona.com\/wp-content\/uploads\/2021\/07\/valor-agregado.png 582w, https:\/\/teurona.com\/wp-content\/uploads\/2021\/07\/valor-agregado-285x300.png 285w, https:\/\/teurona.com\/wp-content\/uploads\/2021\/07\/valor-agregado-11x12.png 11w, https:\/\/teurona.com\/wp-content\/uploads\/2021\/07\/valor-agregado-420x442.png 420w, https:\/\/teurona.com\/wp-content\/uploads\/2021\/07\/valor-agregado-315x331.png 315w, https:\/\/teurona.com\/wp-content\/uploads\/2021\/07\/valor-agregado-285x300@2x.png 570w\" \/>\t\t\t\t\t\t\t\n<h2>\n\t\u00bfA\u00fan tienes preguntas?\n\t<\/h2>\n\t<p>D\u00e9janos tu informaci\u00f3n y nos pondremos en contacto contigo.<\/p>\n    Notice: JavaScript is required for this content.\n        <!-- TODO: Move to Template File. -->\n        \n<\/div><!-- .vgblk-rw-wrapper -->","protected":false},"excerpt":{"rendered":"<p>We adapt to your company, to offer the best experience Our solutions are designed for companies of all sizes in order to comply with compliance policies for local, regional, and&#8230;<\/p>","protected":false},"author":1,"featured_media":0,"parent":0,"menu_order":0,"comment_status":"closed","ping_status":"closed","template":"","meta":{"inline_featured_image":false,"footnotes":""},"class_list":["post-987742","page","type-page","status-publish","hentry"],"yoast_head":"<!-- This site is optimized with the Yoast SEO plugin v27.6 - https:\/\/yoast.com\/product\/yoast-seo-wordpress\/ -->\n<title>Industries worldwide - Your ethic and compliance program in one place<\/title>\n<meta name=\"robots\" content=\"index, follow, max-snippet:-1, max-image-preview:large, max-video-preview:-1\" \/>\n<link rel=\"canonical\" href=\"https:\/\/teurona.com\/esp\/industries-worldwide\/\" \/>\n<meta property=\"og:locale\" content=\"es_ES\" \/>\n<meta property=\"og:type\" content=\"article\" \/>\n<meta property=\"og:title\" content=\"Industries worldwide - Your ethic and compliance program in one place\" \/>\n<meta property=\"og:description\" content=\"We adapt to your company, to offer the best experience Our solutions are designed for companies of all sizes in order to comply with compliance policies for local, regional, and...\" \/>\n<meta property=\"og:url\" content=\"https:\/\/teurona.com\/esp\/industries-worldwide\/\" \/>\n<meta property=\"og:site_name\" content=\"Your ethic and compliance program in one place\" \/>\n<meta property=\"article:modified_time\" content=\"2022-02-23T21:13:31+00:00\" \/>\n<meta property=\"og:image\" content=\"http:\/\/localhost\/teurona\/wp-content\/uploads\/2021\/06\/nos-adaptamos-1.png\" \/>\n<meta name=\"twitter:card\" content=\"summary_large_image\" \/>\n<meta name=\"twitter:label1\" content=\"Tiempo de lectura\" \/>\n\t<meta name=\"twitter:data1\" content=\"3 minutos\" \/>\n<script type=\"application\/ld+json\" class=\"yoast-schema-graph\">{\"@context\":\"https:\\\/\\\/schema.org\",\"@graph\":[{\"@type\":\"WebPage\",\"@id\":\"https:\\\/\\\/teurona.com\\\/industries-worldwide\\\/\",\"url\":\"https:\\\/\\\/teurona.com\\\/industries-worldwide\\\/\",\"name\":\"Industries worldwide - Your ethic and compliance program in one place\",\"isPartOf\":{\"@id\":\"https:\\\/\\\/teurona.com\\\/es\\\/#website\"},\"primaryImageOfPage\":{\"@id\":\"https:\\\/\\\/teurona.com\\\/industries-worldwide\\\/#primaryimage\"},\"image\":{\"@id\":\"https:\\\/\\\/teurona.com\\\/industries-worldwide\\\/#primaryimage\"},\"thumbnailUrl\":\"https:\\\/\\\/teurona.com\\\/wp-content\\\/uploads\\\/2021\\\/06\\\/nos-adaptamos-1.png\",\"datePublished\":\"2021-06-16T20:09:37+00:00\",\"dateModified\":\"2022-02-23T21:13:31+00:00\",\"breadcrumb\":{\"@id\":\"https:\\\/\\\/teurona.com\\\/industries-worldwide\\\/#breadcrumb\"},\"inLanguage\":\"es\",\"potentialAction\":[{\"@type\":\"ReadAction\",\"target\":[\"https:\\\/\\\/teurona.com\\\/industries-worldwide\\\/\"]}]},{\"@type\":\"ImageObject\",\"inLanguage\":\"es\",\"@id\":\"https:\\\/\\\/teurona.com\\\/industries-worldwide\\\/#primaryimage\",\"url\":\"https:\\\/\\\/teurona.com\\\/wp-content\\\/uploads\\\/2021\\\/06\\\/nos-adaptamos-1.png\",\"contentUrl\":\"https:\\\/\\\/teurona.com\\\/wp-content\\\/uploads\\\/2021\\\/06\\\/nos-adaptamos-1.png\"},{\"@type\":\"BreadcrumbList\",\"@id\":\"https:\\\/\\\/teurona.com\\\/industries-worldwide\\\/#breadcrumb\",\"itemListElement\":[{\"@type\":\"ListItem\",\"position\":1,\"name\":\"Home\",\"item\":\"https:\\\/\\\/teurona.com\\\/\"},{\"@type\":\"ListItem\",\"position\":2,\"name\":\"Industries worldwide\"}]},{\"@type\":\"WebSite\",\"@id\":\"https:\\\/\\\/teurona.com\\\/es\\\/#website\",\"url\":\"https:\\\/\\\/teurona.com\\\/es\\\/\",\"name\":\"Your ethic and compliance program in one place\",\"description\":\"\",\"publisher\":{\"@id\":\"https:\\\/\\\/teurona.com\\\/es\\\/#organization\"},\"potentialAction\":[{\"@type\":\"SearchAction\",\"target\":{\"@type\":\"EntryPoint\",\"urlTemplate\":\"https:\\\/\\\/teurona.com\\\/es\\\/?s={search_term_string}\"},\"query-input\":{\"@type\":\"PropertyValueSpecification\",\"valueRequired\":true,\"valueName\":\"search_term_string\"}}],\"inLanguage\":\"es\"},{\"@type\":\"Organization\",\"@id\":\"https:\\\/\\\/teurona.com\\\/es\\\/#organization\",\"name\":\"Teurona\",\"url\":\"https:\\\/\\\/teurona.com\\\/es\\\/\",\"logo\":{\"@type\":\"ImageObject\",\"inLanguage\":\"es\",\"@id\":\"https:\\\/\\\/teurona.com\\\/es\\\/#\\\/schema\\\/logo\\\/image\\\/\",\"url\":\"https:\\\/\\\/teurona.com\\\/wp-content\\\/uploads\\\/2021\\\/06\\\/Teurona-Logo.svg\",\"contentUrl\":\"https:\\\/\\\/teurona.com\\\/wp-content\\\/uploads\\\/2021\\\/06\\\/Teurona-Logo.svg\",\"width\":198,\"height\":41,\"caption\":\"Teurona\"},\"image\":{\"@id\":\"https:\\\/\\\/teurona.com\\\/es\\\/#\\\/schema\\\/logo\\\/image\\\/\"}}]}<\/script>\n<!-- \/ Yoast SEO plugin. -->","yoast_head_json":{"title":"Industries worldwide - Your ethic and compliance program in one place","robots":{"index":"index","follow":"follow","max-snippet":"max-snippet:-1","max-image-preview":"max-image-preview:large","max-video-preview":"max-video-preview:-1"},"canonical":"https:\/\/teurona.com\/esp\/industries-worldwide\/","og_locale":"es_ES","og_type":"article","og_title":"Industries worldwide - Your ethic and compliance program in one place","og_description":"We adapt to your company, to offer the best experience Our solutions are designed for companies of all sizes in order to comply with compliance policies for local, regional, and...","og_url":"https:\/\/teurona.com\/esp\/industries-worldwide\/","og_site_name":"Your ethic and compliance program in one place","article_modified_time":"2022-02-23T21:13:31+00:00","og_image":[{"url":"http:\/\/localhost\/teurona\/wp-content\/uploads\/2021\/06\/nos-adaptamos-1.png","type":"","width":"","height":""}],"twitter_card":"summary_large_image","twitter_misc":{"Tiempo de lectura":"3 minutos"},"schema":{"@context":"https:\/\/schema.org","@graph":[{"@type":"WebPage","@id":"https:\/\/teurona.com\/industries-worldwide\/","url":"https:\/\/teurona.com\/industries-worldwide\/","name":"Industries worldwide - Your ethic and compliance program in one place","isPartOf":{"@id":"https:\/\/teurona.com\/es\/#website"},"primaryImageOfPage":{"@id":"https:\/\/teurona.com\/industries-worldwide\/#primaryimage"},"image":{"@id":"https:\/\/teurona.com\/industries-worldwide\/#primaryimage"},"thumbnailUrl":"https:\/\/teurona.com\/wp-content\/uploads\/2021\/06\/nos-adaptamos-1.png","datePublished":"2021-06-16T20:09:37+00:00","dateModified":"2022-02-23T21:13:31+00:00","breadcrumb":{"@id":"https:\/\/teurona.com\/industries-worldwide\/#breadcrumb"},"inLanguage":"es","potentialAction":[{"@type":"ReadAction","target":["https:\/\/teurona.com\/industries-worldwide\/"]}]},{"@type":"ImageObject","inLanguage":"es","@id":"https:\/\/teurona.com\/industries-worldwide\/#primaryimage","url":"https:\/\/teurona.com\/wp-content\/uploads\/2021\/06\/nos-adaptamos-1.png","contentUrl":"https:\/\/teurona.com\/wp-content\/uploads\/2021\/06\/nos-adaptamos-1.png"},{"@type":"BreadcrumbList","@id":"https:\/\/teurona.com\/industries-worldwide\/#breadcrumb","itemListElement":[{"@type":"ListItem","position":1,"name":"Home","item":"https:\/\/teurona.com\/"},{"@type":"ListItem","position":2,"name":"Industries worldwide"}]},{"@type":"WebSite","@id":"https:\/\/teurona.com\/es\/#website","url":"https:\/\/teurona.com\/es\/","name":"Tu programa de \u00e9tica y cumplimiento en un solo lugar","description":"","publisher":{"@id":"https:\/\/teurona.com\/es\/#organization"},"potentialAction":[{"@type":"SearchAction","target":{"@type":"EntryPoint","urlTemplate":"https:\/\/teurona.com\/es\/?s={search_term_string}"},"query-input":{"@type":"PropertyValueSpecification","valueRequired":true,"valueName":"search_term_string"}}],"inLanguage":"es"},{"@type":"Organization","@id":"https:\/\/teurona.com\/es\/#organization","name":"Teurona","url":"https:\/\/teurona.com\/es\/","logo":{"@type":"ImageObject","inLanguage":"es","@id":"https:\/\/teurona.com\/es\/#\/schema\/logo\/image\/","url":"https:\/\/teurona.com\/wp-content\/uploads\/2021\/06\/Teurona-Logo.svg","contentUrl":"https:\/\/teurona.com\/wp-content\/uploads\/2021\/06\/Teurona-Logo.svg","width":198,"height":41,"caption":"Teurona"},"image":{"@id":"https:\/\/teurona.com\/es\/#\/schema\/logo\/image\/"}}]}},"_links":{"self":[{"href":"https:\/\/teurona.com\/esp\/wp-json\/wp\/v2\/pages\/987742","targetHints":{"allow":["GET"]}}],"collection":[{"href":"https:\/\/teurona.com\/esp\/wp-json\/wp\/v2\/pages"}],"about":[{"href":"https:\/\/teurona.com\/esp\/wp-json\/wp\/v2\/types\/page"}],"author":[{"embeddable":true,"href":"https:\/\/teurona.com\/esp\/wp-json\/wp\/v2\/users\/1"}],"replies":[{"embeddable":true,"href":"https:\/\/teurona.com\/esp\/wp-json\/wp\/v2\/comments?post=987742"}],"version-history":[{"count":32,"href":"https:\/\/teurona.com\/esp\/wp-json\/wp\/v2\/pages\/987742\/revisions"}],"predecessor-version":[{"id":988556,"href":"https:\/\/teurona.com\/esp\/wp-json\/wp\/v2\/pages\/987742\/revisions\/988556"}],"wp:attachment":[{"href":"https:\/\/teurona.com\/esp\/wp-json\/wp\/v2\/media?parent=987742"}],"curies":[{"name":"wp","href":"https:\/\/api.w.org\/{rel}","templated":true}]}}